alse
Is 172 a multiple of 5?
False
Is 528 a multiple of 16?
True
Is 22425 a multiple of 65?
True
Is 3253 a multiple of 32?
False
Does 31 divide 3284?
False
Is 13 a factor of 323?
False
Is 44 a factor of 624?
False
Is 22 a factor of 2867?
False
Is 4545 a multiple of 64?
False
Does 52 divide 28189?
False
Is 75951 a multiple of 16?
False
Does 12 divide 25242?
False
Does 4 divide 185?
False
Does 26 divide 3184?
False
Is 1220 a multiple of 20?
True
Is 33 a multiple of 2?
False
Does 34 divide 606?
False
Does 17 divide 47192?
True
Is 3 a factor of 29?
False
Is 5 a factor of 10?
True
Is 5052 a multiple of 4?
True
Does 5 divide 10?
True
Is 774 a multiple of 18?
True
Does 50 divide 31480?
False
Is 7965 a multiple of 15?
True
Does 20 divide 22300?
True
Is 2018 a multiple of 2?
True
Is 5055 a multiple of 65?
False
Is 245 a multiple of 2?
False
Does 13 divide 169?
True
Does 13 divide 2587?
True
Is 98 a multiple of 13?
False
Is 9 a factor of 4129?
False
Is 305 a multiple of 61?
True
Is 14728 a multiple of 28?
True
Does 16 divide 23312?
True
Does 19 divide 77?
False
Is 3600 a multiple of 40?
True
Does 87 divide 3393?
True
Does 38 divide 350?
False
Does 13 divide 109?
False
Is 3 a factor of 14057?
False
Is 624 a multiple of 26?
True
Is 1414 a multiple of 25?
False
Does 7 divide 1293?
False
Is 10 a factor of 930?
True
Is 85 a factor of 647?
False
Is 16 a factor of 5424?
True
Does 14 divide 923?
False
Is 7776 a multiple of 12?
True
Is 1017 a multiple of 9?
True
Is 1402 a multiple of 8?
False
Is 26 a factor of 1794?
True
Is 10 a factor of 5130?
True
Is 29 a factor of 20793?
True
Is 58 a factor of 871?
False
Does 42 divide 420?
True
Is 1060 a multiple of 29?
False
Does 14 divide 2688?
True
Does 10 divide 2110?
True
Does 7 divide 41212?
False
Does 11 divide 3773?
True
Is 14 a factor of 1397?
False
Does 123 divide 4144?
False
Does 27 divide 18538?
False
Does 52 divide 83943?
False
Is 17 a factor of 9054?
False
Does 20 divide 36920?
True
Is 8 a factor of 1184?
True
Does 9 divide 170?
False
Is 648 a multiple of 24?
True
Does 76 divide 849?
False
Is 46 a factor of 138?
True
Does 119 divide 92939?
True
Does 20 divide 7697?
False
Does 5 divide 615?
True
Is 11 a factor of 6589?
True
Does 45 divide 360?
True
Is 5 a factor of 1660?
True
Does 4 divide 161?
False
Does 33 divide 960?
False
Is 123 a multiple of 7?
False
Is 2826 a multiple of 18?
True
Is 10 a factor of 18194?
False
Is 81 a factor of 2187?
True
Is 250 a multiple of 2?
True
Is 5 a factor of 1460?
True
Is 312 a multiple of 16?
False
Does 18 divide 38124?
True
Is 41 a factor of 9374?
False
Does 4 divide 502?
False
Does 17 divide 4346?
False
Is 19 a factor of 1292?
True
Is 31806 a multiple of 62?
True
Is 56 a factor of 53424?
True
Is 921 a multiple of 4?
False
Does 9 divide 5467?
False
Is 5512 a multiple of 245?
False
Does 11 divide 25988?
False
Is 32 a factor of 173?
False
Does 9 divide 304?
False
Does 7 divide 1667?
False
Is 6 a factor of 794?
False
Does 21 divide 2438?
False
Does 41 divide 570?
False
Is 12789 a multiple of 49?
True
Is 846 a multiple of 6?
True
Does 138 divide 41814?
True
Is 29 a factor of 234?
False
Is 33475 a multiple of 14?
False
Is 56 a factor of 2899?
False
Is 3 a factor of 144?
True
Does 29 divide 35467?
True
Is 32 a factor of 21088?
True
Is 1607 a multiple of 14?
False
Does 45 divide 169?
False
Is 315 a multiple of 11?
False
Does 122 divide 18178?
True
Is 1482 a multiple of 19?
True
Is 292 a multiple of 37?
False
Is 17 a factor of 963?
False
Is 63 a factor of 7245?
True
Is 439 a multiple of 16?
False
Is 41 a factor of 17261?
True
Does 11 divide 85?
False
Is 26505 a multiple of 7?
False
Does 5 divide 100?
True
Is 5 a factor of 9870?
True
Does 44 divide 3212?
True
Does 8 divide 1160?
True
Is 12 a factor of 1140?
True
Is 17 a factor of 1122?
True
Is 90 a factor of 3241?
False
Does 46 divide 3264?
False
Is 19 a factor of 48352?
False
Does 3 divide 44421?
True
Is 40 a factor of 17320?
True
Does 16 divide 7104?
True
Is 2005 a multiple of 2?
False
Is 180 a multiple of 12?
True
Is 5 a factor of 2370?
True
Does 15 divide 18300?
True
Is 5 a factor of 494?
False
Is 6198 a multiple of 13?
False
Is 9 a factor of 20127?
False
Does 14 divide 1209?
False
Is 764 a multiple of 4?
True
Is 1057 a multiple of 62?
False
Does 104 divide 780?
False
Is 2359 a multiple of 135?
False
Is 20 a factor of 7460?
True
Does 2 divide 29?
False
Is 240 a multiple of 20?
True
Does 218 divide 3570?
False
Is 5650 a multiple of 38?
False
Is 4 a factor of 207?
False
Does 15 divide 605?
False
Does 31 divide 58125?
True
Does 32 divide 1376?
True
Is 61 a factor of 6697?
False
Does 69 divide 6330?
False
Does 196 divide 38220?
True
Is 18 a factor of 108?
True
Does 11 divide 724?
False
Is 52 a factor of 51948?
True
Does 17 divide 1309?
True
Does 85 divide 14620?
True
Does 19 divide 2223?
True
Does 22 divide 144056?
True
Does 29 divide 11657?
False
Does 40 divide 49520?
True
Is 42 a factor of 43645?
False
Is 13 a factor of 43714?
False
Does 38 divide 923?
False
Is 4771 a multiple of 10?
False
Is 14 a factor of 9327?
False
Does 3 divide 51?
True
Does 65 divide 519?
False
Is 14521 a multiple of 18?
False
Is 2169 a multiple of 27?
False
Does 19 divide 9941?
False
Does 26 divide 30835?
False
Is 549 a multiple of 9?
True
Is 14 a factor of 24514?
True
Is 4830 a multiple of 15?
True
Is 10788 a multiple of 29?
True
Is 7986 a multiple of 33?
True
Is 30387 a multiple of 63?
False
Does 113 divide 128142?
True
Does 157 divide 65943?
False
Is 5100 a multiple of 5?
True
Is 2 a factor of 158?
True
Is 11 a factor of 1464?
False
Does 38 divide 8824?
False
Is 89430 a multiple of 5?
True
Does 8 divide 28581?
False
Is 12 a factor of 2652?
True
Is 9660 a multiple of 35?
True
Is 819 a multiple of 13?
True
Is 85 a factor of 4505?
True
Does 355 divide 98335?
True
Is 408 a multiple of 34?
True
Does 40 divide 280?
True
Does 9 divide 612?
True
Is 15555 a multiple of 305?
True
Is 2204 a multiple of 19?
True
Does 24 divide 2911?
False
Is 24 a factor of 39360?
True
Is 153 a multiple of 3?
True
Is 5612 a multiple of 122?
True
Does 6 divide 165?
False
Is 116 a multiple of 6?
False
Does 82 divide 5576?
True
Does 46 divide 5612?
True
Does 40 divide 888?
False
Does 8 divide 456?
True
Is 5709 a multiple of 22?
False
Is 56578 a multiple of 23?
False
Does 71 divide 2500?
False
Is 134 a multiple of 9?
False
Does 21 divide 21174?
False
Is 62 a factor of 2914?
True
Does 28 divide 4178?
False
Is 9 a factor of 243?
True
Does 28 divide 1820?
True
Does 8 divide 8664?
True
Does 22 divide 1682?
False
Does 149 divide 7465?
False
Is 19 a factor of 1824?
True
Does 54 divide 468?
False
Is 1530 a multiple of 46?
False
Is 18 a factor of 2214?
True
Does 6 divide 168?
True
Is 1465 a multiple of 17?
False
Is 168 a factor of 23541?
False
Does 13 divide 18785?
True
Is 7 a factor of 5326?
False
Is 8 a factor of 2400?
True
Does 20 divide 917?
False
Is 48041 a multiple of 7?
True
Is 522 a multiple of 87?
True
Is 63 a multiple of 22?
False
Is 3039 a multiple of 30?
False
Is 4505 a multiple of 160?
False
Is 1785 a multiple of 21?
True
Is 34345 a multiple of 77?
False
Is 234 a factor of 44932?
False
Is 18088 a multiple of 8?
True
Is 10122 a multiple of 6?
True
Is 5600 a multiple of 25?
True
Is 5 a factor of 205?
True
Is 32980 a multiple of 10?
True
Is 108 a factor of 16524?
True
Does 18 divide 9675?
False
Does 10 divide 370?
True
Is 28 a factor of 1292?
False
Is 3260 a multiple of 195?
False
Is 29 a factor of 11817?
False
Is 1322 a multiple of 4?
False
Is 2301 a multiple of 180?
False
Is 5 a factor of 456?
False
Is 9 a factor of 154?
False
Is 776 a multiple of 22?
False
Is 9051 a multiple of 21?
True
Does 75 divide 3525?
True
Does 230 divide 146603?
False
Is 3356 a multiple of 15?
False
Is 1274 a multiple of 49?
True
Is 17041 a multiple of 15?
False
Does 10 divide 4472?
False
Is 10460 a multiple of 22?
False
Is 2 a factor of 276?
True
Is 114 a factor of 2508?
True
Is 4 a factor of 20568?
True
Is 46 a factor of 11454?
True
Is 4477 a multiple of 64?
False
Is 365 a factor of 27375?
True
Is 3320 a multiple of 22?
False
Does 160 divide 3224?
False
Is 21 a factor of 95?
False
Is 232 a factor of 58464?
True
Is 6902 a multiple of 34?
True
Does 187 divide 38522?
True
Is 29 a factor of 3219?
True
Is 164 a 